termine s(-34).
-8
Let i(t) = t + 236. Let b(k) = 3*k + 590. Let j(w) = 2*b(w) - 5*i(w). Suppose -3*y - n - 6 = n, 2*y = -n - 4. What is j(y)?
-2
Let q(x) be the second derivative of -x**4/6 - 5*x**3/6 + 3*x**2/2 - x. Suppose 81 = 14*u + 25. Suppose 2*s - 1 + u = 5*f, -4*s = f + 17. Give q(s).
-9
Suppose 2*j + 57 = 5*i, 26 = -3*j - 0*i - i. Let v(f) = f**2 + 12*f - 17. Determine v(j).
-28
Suppose -20*z - 4*q - 8 = -22*z, 0 = z - q. Let d(c) = 42*c + 166. Calculate d(z).
-2
Suppose -3*t - 8 = -h, -10 = 5*h + 3*t - 50. Let n(d) = -h + 27 - 18 + d. Calculate n(5).
6
Let d(g) be the third derivative of -3*g**4/8 + 34*g**3/3 + g**2 + 455*g. What is d(8)?
-4
Suppose 3 = 5*f - o, 35 = 12*o - 7*o. Let p(v) = v**3 - 3*v**2 - 6*v + 5. Determine p(f).
-11
Let m = -10 + 10. Suppose -p = -12 + 8. Let c(r) = 12 + 11 - p - r. Determine c(m).
19
Let b(j) = -2*j + 0*j + 11*j**2 + 1 + 3*j. Let a = 126259 - 126260. Give b(a).
11
Let y(p) be the second derivative of 1/24*p**4 + 0 + p - 2*p**2 - 3/2*p**3. Let k(z) be the first derivative of y(z). Calculate k(8).
-1
Let p(m) = 20*m**2 + 10*m - 7. Let w(u) = 9*u**2 + u - 3. Let h(b) = p(b) - 3*w(b). Give h(-1).
-12
Suppose -6 = 16*v + 2*n, -47 = 4*v - 5*n + 2*n. Let p(t) be the second derivative of t**3/6 - 3*t**2 - t. Calculate p(v).
-8
Let x(y) = y**2 - 20*y + 2. Let b be x(20). Let u(q) = -3 - b + 4 - q. Determine u(-7).
6
Let r(h) = 3*h + 2. Let n(v) = 6*v + 4. Let i(a) = -3*n(a) + 7*r(a). Let g(j) = j**3 - 13*j**2 + 14*j - 21. Let k be g(12). Determine i(k).
11
Let x be 6 - (-448)/(-72) - (-76)/18. Suppose x*g + 8*g = -84. Let w(i) = i**2 + 9*i + 9. Determine w(g).
-5
Let y be 3 - 3/(3/4)*-4. Let l = y + -9. Let t(h) = -h**2 + 10*h - 3. Let p(f) = -f**2 + 10*f - 4. Let a(z) = 6*p(z) - 5*t(z). Determine a(l).
-9
Let h = -96 - -88. Let j(l) = -l**3 - 11 - 899*l**2 + 1790*l**2 + 7*l - 898*l**2. What is j(h)?
-3
Let r(i) = -i**3 - 18*i**2 + 2*i + 14. Let p = 6042 - 6060. Give r(p).
-22
Let q(s) = s**2 + 7*s + 11. Let y(k) = 3*k**2 - 42*k - 727. Let f be y(24). Give q(f).
11
Let s(t) = t**2 + t + 2. Let r be ((-5278)/130)/29 + -2*(-1)/5. What is s(r)?
2
Let g(b) = -50*b**3 - 3*b**2 + 1. Let z be (-3)/(-81)*6 - 16/(-9) - 3. What is g(z)?
48
Let v = 455 - 452. Let r(t) = -v + 3 + 7 + 3*t + 3 - 2. Calculate r(-6).
-10
Let d = 68 + -63. Suppose -11*f + 12*f = -d. Let k(u) = 5*u - 13. Let l(b) = -3*b + 7. Let a(z) = 4*k(z) + 7*l(z). Determine a(f).
2
Let h(d) be the third derivative of -2*d**5/3 + d**4/12 - 6191*d**2. Calculate h(-1).
-42
Suppose 4*x + 208 = -4*d, x + 2*x - 3*d = -156. Let a = x + 34. Let q = -14 - a. Let z(s) = s**3 - 3*s**2 - 2*s - 1. Determine z(q).
7
Let d(m) be the second derivative of m**7/2520 + 7*m**6/720 + m**5/15 - 73*m**4/12 - 5*m + 5. Let y(r) be the third derivative of d(r). Calculate y(-7).
8
Let j(a) = -a. Let o(z) = -2*z + 1. Let c(n) = -7*j(n) + 3*o(n). Let b be c(-11). Let v(w) = w**2 + 8*w + 1. Give v(b).
1
Let k(z) be the second derivative of 0*z**2 + 1/4*z**4 + 1/3*z**3 + 39 + 2*z. What is k(2)?
16
Let q(g) be the second derivative of -g**4 + g**3/6 + 3*g**2 - 2627*g. What is q(3)?
-99
Let x(l) = -21*l + 170. Let i(o) = -7*o + 53. Let m(q) = -7*i(q) + 2*x(q). Determine m(14).
67
Let h(k) = -3*k - 4. Suppose 3*l + 6 = -3, -3*l + 633 = u. Let q = 635 - u. Give h(q).
17
Let m be 12/9*6/8*2. Let d(z) = -18*z**2 + 5*z + 27*z**m + 4*z - 20*z**2 + z**3. What is d(10)?
-10
Let t(a) = a**2 - 11*a - 4. Suppose u = 81 + 45. Suppose -u = -16*p - 2*p. Give t(p).
-32
Suppose -5*m + 0*m = -25. Let h(c) = 3840 + 6*c**2 - 3*c + 765 - 4601 - c**3. Calculate h(m).
14
Let d be ((-1)/3 - (-5)/(-3)) + -3. Let m(b) be the first derivative of -b**3/3 - 3*b**2/2 + 5*b + 556. Give m(d).
-5
Let h be (-162)/(-486) - 11/(-3). Let t(z) = 9*z + 5. What is t(h)?
41
Let l(m) = -11*m + 37. Let q = -19725 - -19727. Give l(q).
15
Let y = -261 - -266. Let r(u) = -13*u**3 - 11*u + 4*u + 8*u**2 - y + 12*u**3. Give r(7).
-5
Let m(l) = -8*l**2 + 4*l. Let g(q) = 588*q - 7053. Let h be g(12). Give m(h).
-60
Suppose -345*s = -263*s + 984. Let l(t) be the first derivative of -t**4/4 - 11*t**3/3 + 7*t**2 + 13*t - 1. What is l(s)?
-11
Suppose -2*i + 3*m = -3, i - 6*i - 3*m = 45. Let q(u) be the third derivative of u**6/120 + u**5/10 + u**4/12 + 7*u**3/3 + 65105*u**2. Give q(i).
2
Let f be (-6 - 4)/(2/(-12)). Suppose -4*s - s = -4*y - 20, -5*s = 4*y - f. Let j(w) = 3*w**2 - 3 - 2*w**2 - 9*w + 12. What is j(s)?
1
Let r(m) = m - 1. Let j(v) = 3*v**2 + 35*v - 23. Let i be j(-10). Let n = -83 - i. Calculate r(n).
-11
Suppose 5*h - 5*u = -2*u - 1988, 0 = h - 3*u + 388. Let l = h - -387. Let q(s) = 2*s + 13. Determine q(l).
-13
Let q(j) = -2*j**3 + 1. Let f(z) = 9*z**3 - 9*z**2 + 14*z - 1. Let h(m) = -f(m) - 4*q(m). Give h(7).
-3
Let b(r) = 2*r**2 - 58*r + 50. Suppose 40*v - 1680 = -22*v + 2*v. What is b(v)?
-6
Suppose 68*t - 49*t + 73*t = -736. Let q(n) = -6*n - n + 2*n**3 + 8 - 3*n**3 - 9*n**2. What is q(t)?
0
Let p(l) = 4*l**3 + 11*l**2 + 33*l - 119. Let x(t) = 5*t**3 + 17*t**2 + 34*t - 126. Let w(j) = 4*p(j) - 3*x(j). Determine w(5).
2
Suppose j + 15 - 16 = 0. Let q(w) = 6*w**2 - 13*w**2 + w + 3*w - 3*w. Give q(j).
-6
Let w be (-12 + 0)/4*(0 + -1). Let u be (w - 11) + -1 + 3. Let r(l) = -l**3 - 6*l - 2 - 3*l - 7*l**2 + 0*l**3. Calculate r(u).
16
Let i be (3 + -4)*-2 + 40/1. Let o be i/(-4)*((-98)/21 + 4). Let d(m) = 1 - 4 - m**3 + 2*m**2 + 8*m + 4*m**2. Give d(o).
4
Let t be ((-1)/(-6))/((-21)/84) + 424/159. Let y(o) = 4*o + 0 - 1 + 11*o. What is y(t)?
29
Let m(k) = k**3 - 7*k**2 + 7*k + 6. Let v = 127 - 121. Suppose -11*t + 12*t = v. Give m(t).
12
Let s(p) = p**2 - 3*p + 9. Suppose 5*j - 22 = 4*q + 7*j, 3*q = 5*j + 16. Let g(i) = 2*i**2 - 5*i + 18. Let w(a) = q*g(a) + 7*s(a). Calculate w(4).
1
Let a(u) = u**2 + 5*u + 2. Let f(q) = 2*q**2 + 9*q + 3. Let d(l) = -5*a(l) + 2*f(l). Let m be (-7)/2*(-1010)/35. Suppose 20*p + m + 39 = 0. Determine d(p).
-4
Let y(j) = 13*j**2 - j - 8. Let g(x) = -2*x**2 + x + 1. Let m(d) = 4*g(d) + y(d). Calculate m(3).
50
Let k(v) = 2*v + 6. Let l be k(-4). Suppose -15*m + 3*d = -14*m - 44, -m - d = -64. Let f(n) = m*n - 61*n - 6 - 1 + 4. Determine f(l).
1
Let l(c) = -5*c + 15. Let r be l(3). Suppose r*q = -4*a - 5*q + 148, q = 4. Let o = a - 27. Let h(g) = -g**2 + 3*g + 7. What is h(o)?
-3
Let y(g) = -48*g**2 - 92*g**2 + 0 + 217*g**2 - 93*g**2 - 5 + 6*g. Determine y(1).
-15
Let q(l) be the third derivative of l**5/60 - 3*l**4/8 - 5*l**3/6 - 3*l**2. Suppose -p - 145 = n - 150, 0 = -4*n - 5*p + 17. Calculate q(n).
-13
Let f(m) = m**2 - 4*m + 1. Let w be f(-4). Suppose -3*j + 80 = -2*s, 9*s + 4*j = 12*s + 120. Let l = s + w. Let n(t) = -t**3 - 8*t**2 - 8*t - 2. Give n(l).
5
Let o(s) = -5*s + 6. Let a(r) = 4*r - 5. Let c(h) = 6*a(h) + 5*o(h). Let v = -1539 + 1013. Let j = v - -528. Calculate c(j).
-2
Let t(j) be the third derivative of 3*j**4/8 + 37*j**3/6 - 56*j**2 + 4*j. Give t(-3).
10
Let n = -336 + 338. Let q(r) = -6*r**3 + 91*r**2 - 79*r - 34. Let v(z) = -z**3 + 18*z**2 - 16*z - 7. Let s(u) = n*q(u) - 11*v(u). Determine s(-17).
-8
Let w(c) = -3*c - 61. Suppose -n = -4*s - 95, 0 = -2*s + 2*n - 249 + 209. What is w(s)?
14
Let g(k) = -10*k**2 + 17*k + 31. Let b(c) = -3*c**2 + 6*c + 9. Let u(z) = 7*b(z) - 2*g(z). Let h = 23 + 3. Suppose -5*x = -9 - h. Determine u(x).
8
Let v(n) = 3*n**3 - 2*n**2 + 5*n - 8. Let q(l) = -11*l - 36*l**3 - 13*l**3 + 41 - 15*l + 33*l**3 + 9*l**2. Let r(x) = -2*q(x) - 11*v(x). Calculate r(5).
-34
Let h(y) = -3*y**2 + 4*y - 15. Let f be 40/60 - (-78)/18. Determine h(f).
-70
Let g(v) = v**3 + 3*v**2 - 7*v - 5. Let w be 56*(18/81 - 512/(-126)). Suppose 0 = 7*h - 55*h - w. Determine g(h).
-20
Let z(k) = 2 - 2 - k. Suppose 13*l + 8 = 11*l, -2*b = -5*l - 22. Suppose -2*r = q - 4*q - b, 15 = -5*q. Give z(r).
4
Suppose -13*n - 78 - 52 = -104. Let u(l) = 6*l**2 + 6*l + 6. What is u(n)?
18
Let f(o) = 2*o**3 - 7*o**2 + 13. Let x(a) = -2*a**3 + 9*a**2 - 17. Let u(n) = -3*f(n) - 2*x(n). Give u(-2).
23
Let n(b) = -b**3 + 8*b**2 + 12*b - 95. Let g be n(8). Let p(v) = 3 - 60*v + g + 59*v. What is p(-7)?
11
Let o(c) = 4*c**2 - 2*c - 1. Let b(g) = 17*g**2 - 8*g - 4. Let r(s) = -4*b(s) + 18*o(s). Let z(x) = 1692*x + 11846. Let l be z(-7). Determine r(l).
6
Let v(x) = -3*x - 1. Let y(g) = g**3 -